0839?
107, 127, 251
What are the prime factors of 2548422?
2, 3, 15731
What are the prime factors of 288965?
5, 57793
What are the prime factors of 9037668?
2, 3, 753139
What are the prime factors of 257269?
31, 43, 193
List the prime factors of 243966.
2, 3, 73, 557
What are the prime factors of 2183910?
2, 3, 5, 72797
What are the prime factors of 29213?
131, 223
What are the prime factors of 386891?
386891
What are the prime factors of 7854519?
3, 2618173
List the prime factors of 412312.
2, 51539
List the prime factors of 4222549.
41, 181, 569
List the prime factors of 330146.
2, 383, 431
List the prime factors of 1496758.
2, 748379
List the prime factors of 521155.
5, 104231
List the prime factors of 3005088.
2, 3, 23, 1361
What are the prime factors of 35306790?
2, 3, 5, 17, 107, 647
What are the prime factors of 1067123?
269, 3967
What are the prime factors of 78272?
2, 1223
What are the prime factors of 1819553?
23, 79111
What are the prime factors of 1433768?
2, 7, 25603
What are the prime factors of 219523?
219523
What are the prime factors of 236604?
2, 3, 19717
List the prime factors of 12085301.
1093, 11057
What are the prime factors of 18877?
43, 439
List the prime factors of 1534102.
2, 767051
What are the prime factors of 1246871?
43, 107, 271
List the prime factors of 270975.
3, 5, 3613
List the prime factors of 1583871.
3, 41, 79, 163
What are the prime factors of 1619937?
3, 11, 16363
What are the prime factors of 10234934?
2, 71, 72077
List the prime factors of 833437.
11, 75767
What are the prime factors of 10615195?
5, 43, 97, 509
List the prime factors of 16313339.
7, 1039, 2243
List the prime factors of 2833930.
2, 5, 11, 25763
List the prime factors of 13970672.
2, 337, 2591
What are the prime factors of 4499008?
2, 70297
List the prime factors of 2353256.
2, 294157
List the prime factors of 2056943.
7, 31, 9479
What are the prime factors of 364053?
3, 121351
What are the prime factors of 3322982?
2, 13, 127807
List the prime factors of 741540.
2, 3, 5, 17, 727
List the prime factors of 99306.
2, 3, 613
List the prime factors of 107060.
2, 5, 53, 101
List the prime factors of 3848297.
1429, 2693
List the prime factors of 230621.
23, 37, 271
What are the prime factors of 5428971?
3, 201073
List the prime factors of 586848.
2, 3, 6113
List the prime factors of 636800.
2, 5, 199
List the prime factors of 5504375.
5, 8807
List the prime factors of 33590440.
2, 5, 13, 4969
What are the prime factors of 11543046?
2, 3, 1923841
What are the prime factors of 3365482?
2, 47, 35803
What are the prime factors of 4277237?
37, 115601
What are the prime factors of 23171052?
2, 3, 653, 2957
List the prime factors of 1122998.
2, 23, 24413
What are the prime factors of 646957?
646957
List the prime factors of 7207459.
7, 21013
List the prime factors of 2447788.
2, 7, 87421
What are the prime factors of 1487131?
1487131
What are the prime factors of 247358?
2, 337, 367
List the prime factors of 28760016.
2, 3, 191, 3137
What are the prime factors of 25858765?
5, 5171753
List the prime factors of 15538296.
2, 3, 647429
List the prime factors of 584717.
7, 11933
What are the prime factors of 1009348?
2, 167, 1511
List the prime factors of 980130.
2, 3, 5, 37, 883
What are the prime factors of 12664050?
2, 3, 5, 7, 1723
List the prime factors of 803695.
5, 160739
List the prime factors of 2692997.
443, 6079
List the prime factors of 265017.
3, 88339
What are the prime factors of 393366?
2, 3, 53, 1237
What are the prime factors of 586436?
2, 146609
List the prime factors of 223323.
3, 74441
List the prime factors of 1291852.
2, 322963
List the prime factors of 150486.
2, 3, 7, 3583
List the prime factors of 295434.
2, 3, 5471
What are the prime factors of 12020149?
113, 106373
What are the prime factors of 2446833?
3, 227, 3593
What are the prime factors of 10448487?
3, 7, 59, 937
List the prime factors of 749212.
2, 187303
What are the prime factors of 295699?
295699
What are the prime factors of 1356837?
3, 452279
List the prime factors of 399081.
3, 137, 971
What are the prime factors of 865496?
2, 108187
List the prime factors of 17923166.
2, 8961583
List the prime factors of 215394.
2, 3, 35899
What are the prime factors of 20865058?
2, 197, 52957
What are the prime factors of 6016319?
6016319
List the prime factors of 2292938.
2, 643, 1783
What are the prime factors of 164597?
19, 8663
What are the prime factors of 161987?
7, 73, 317
List the prime factors of 5302893.
3, 97, 18223
What are the prime factors of 5111986?
2, 11, 232363
What are the prime factors of 6854152?
2, 281, 3049
What are the prime factors of 177423?
3, 59141
What are the prime factors of 1265132?
2, 11, 28753
What are the prime factors of 1269456?
2, 3, 53, 499
List the prime factors of 1231991.
307, 4013
List the prime factors of 24610353.
3, 8203451
List the prime factors of 325393.
71, 4583
List the prime factors of 814948.
2, 19, 10723
List the prime factors of 1267975.
5, 67, 757
What are the prime factors of 401439?
3, 133813
List the prime factors of 3305776.
2, 307, 673
List the prime factors of 282348.
2, 3, 11, 23, 31
List the prime factors of 554940.
2, 3, 5, 3083
List the prime factors of 827388.
2, 3, 47, 163
What are the prime factors of 154489?
19, 47, 173
List the prime factors of 185553.
3, 53, 389
List the prime factors of 8852843.
41, 263, 821
List the prime factors of 374840.
2, 5, 9371
What are the prime factors of 9601772?
2, 83, 28921
List the prime factors of 290206.
2, 7, 19, 1091
What are the prime factors of 1832712?
2, 3, 7, 10909
List the prime factors of 4522922.
2, 2261461
What are the prime factors of 22060186?
2, 17, 281, 2309
List the prime factors of 29086.
2, 14543
What are the prime factors of 523565?
5, 7, 2137
What are the prime factors of 32377349?
19, 71, 24001
What are the prime factors of 85104?
2, 3, 197
List the prime factors of 19125.
3, 5, 17
What are the prime factors of 256331?
29, 8839
What are the prime factors of 4612653?
3, 29, 43, 137
List the prime factors of 7339745.
5, 7, 209707
List the prime factors of 164055.
3, 5, 10937
List the prime factors of 96305.
5, 11, 17, 103
List the prime factors of 84358.
2, 42179
What are the prime factors of 2688326?
2, 1344163
What are the prime factors of 9163845?
3, 5, 203641
What are the prime factors of 247245?
3, 5, 53, 311
What are the prime factors of 286077?
3, 11, 8669
List the prime factors of 740883.
3, 11, 13, 157
List the prime factors of 8243.
8243
What are the prime factors of 20711929?
7, 41, 72167
List the prime factors of 6428481.
3, 97, 22091
List the prime factors of 22664.
2, 2833
List the prime factors of 215333.
349, 617
What are the prime factors of 1957207?
7, 59, 677
What are the prime factors of 23350498?
2, 1489, 7841
List the prime factors of 2721755.
5, 683, 797
List the prime factors of 12465785.
5, 89, 109, 257
List the prime factors of 1369226.
2, 359, 1907
What are the prime factors of 2902311?
3, 35831
What are the prime factors of 365939?
7, 61, 857
What are the prime factors of 7242626?
2, 3621313
List the prime factors of 1812908.
2, 453227
List the prime factors of 573266.
2, 286633
List the prime factors of 948645.
3, 5, 7027
What are the prime factors of 46549?
46549
List the prime factors of 293428.
2, 109, 673
List the prime factors of 394756.
2, 98689
What are the prime factors of 13752014?
2, 17, 631, 641
List the prime factors of 663997.
663997
List the prime factors of 604510.
2, 5, 61, 991
List the prime factors of 3420743.
541, 6323
What are the prime factors of 235470?
2, 3, 5, 47, 167
List the prime factors of 24503477.
17, 1441381
List the prime factors of 6073019.
43, 141233
What are the prime factors of 3258129?
3, 7, 113, 1373
What are the prime factors of 5827753?
17, 29, 11821
List the prime factors of 2292837.
3, 331, 2309
What are the prime factors of 281329?
29, 89, 109
What are the prime factors of 14782078?
2, 17, 409, 1063
What are the prime factors of 2142435?
3, 5, 233, 613
List the prime factors of 65846.
2, 11, 41, 73
What are the prime factors of 631407?
3, 7, 107, 281
List the prime factors of 302462.
2, 43, 3517
List the prime factors of 110225.
5, 4409
What are the prime factors of 1831792?
2, 114